[INFO] cloning repository https://github.com/LucioFranco/vector-containers-demo
[INFO] running `Command { std: "git" "-c" "credential.helper=" "-c" "credential.helper=/workspace/cargo-home/bin/git-credential-null" "clone" "--bare" "https://github.com/LucioFranco/vector-containers-demo" "/workspace/cache/git-repos/https%3A%2F%2Fgithub.com%2FLucioFranco%2Fvector-containers-demo", kill_on_drop: false }`
[INFO] [stderr] Cloning into bare repository '/workspace/cache/git-repos/https%3A%2F%2Fgithub.com%2FLucioFranco%2Fvector-containers-demo'...
[INFO] running `Command { std: "git" "rev-parse" "HEAD", kill_on_drop: false }`
[INFO] [stdout] 794579652f13907fde6c46ab0032748248d82d0a
[INFO] checking LucioFranco/vector-containers-demo against master#e6e4f7ed1589e03bc2f6c5931c1a72e7947e8682 for beta-170-4
[INFO] running `Command { std: "git" "clone" "/workspace/cache/git-repos/https%3A%2F%2Fgithub.com%2FLucioFranco%2Fvector-containers-demo" "/workspace/builds/worker-6-tc2/source", kill_on_drop: false }`
[INFO] [stderr] Cloning into '/workspace/builds/worker-6-tc2/source'...
[INFO] [stderr] done.
[INFO] validating manifest of git repo https://github.com/LucioFranco/vector-containers-demo on toolchain e6e4f7ed1589e03bc2f6c5931c1a72e7947e8682
[INFO] running `Command { std: CARGO_HOME="/workspace/cargo-home" RUSTUP_HOME="/workspace/rustup-home" "/workspace/cargo-home/bin/cargo" "+e6e4f7ed1589e03bc2f6c5931c1a72e7947e8682" "metadata" "--manifest-path" "Cargo.toml" "--no-deps", kill_on_drop: false }`
[INFO] started tweaking git repo https://github.com/LucioFranco/vector-containers-demo
[INFO] finished tweaking git repo https://github.com/LucioFranco/vector-containers-demo
[INFO] tweaked toml for git repo https://github.com/LucioFranco/vector-containers-demo written to /workspace/builds/worker-6-tc2/source/Cargo.toml
[INFO] crate git repo https://github.com/LucioFranco/vector-containers-demo already has a lockfile, it will not be regenerated
[INFO] running `Command { std: CARGO_HOME="/workspace/cargo-home" RUSTUP_HOME="/workspace/rustup-home" "/workspace/cargo-home/bin/cargo" "+e6e4f7ed1589e03bc2f6c5931c1a72e7947e8682" "fetch" "--manifest-path" "Cargo.toml", kill_on_drop: false }`
[INFO] [stderr]     Updating crates.io index
[INFO] running `Command { std: "docker" "create" "-v" "/var/lib/crater-agent-workspace/builds/worker-6-tc2/target:/opt/rustwide/target:rw,Z" "-v" "/var/lib/crater-agent-workspace/builds/worker-6-tc2/source:/opt/rustwide/workdir:ro,Z" "-v" "/var/lib/crater-agent-workspace/cargo-home:/opt/rustwide/cargo-home:ro,Z" "-v" "/var/lib/crater-agent-workspace/rustup-home:/opt/rustwide/rustup-home:ro,Z" "-e" "SOURCE_DIR=/opt/rustwide/workdir" "-e" "CARGO_TARGET_DIR=/opt/rustwide/target" "-e" "CARGO_HOME=/opt/rustwide/cargo-home" "-e" "RUSTUP_HOME=/opt/rustwide/rustup-home" "-w" "/opt/rustwide/workdir" "-m" "1610612736" "--user" "0:0" "--network" "none" "ghcr.io/rust-lang/crates-build-env/linux@sha256:19e73879b68f455e41552ea35293514db52ea292d993f571636dbffedb77a1ee" "/opt/rustwide/cargo-home/bin/cargo" "+e6e4f7ed1589e03bc2f6c5931c1a72e7947e8682" "metadata" "--no-deps" "--format-version=1", kill_on_drop: false }`
[INFO] [stdout] 0dbfd3d4b9d1f8bece3dfa19f1058581cc194c2341f836fb8193cc605e9af110
[INFO] running `Command { std: "docker" "start" "-a" "0dbfd3d4b9d1f8bece3dfa19f1058581cc194c2341f836fb8193cc605e9af110", kill_on_drop: false }`
[INFO] running `Command { std: "docker" "inspect" "0dbfd3d4b9d1f8bece3dfa19f1058581cc194c2341f836fb8193cc605e9af110", kill_on_drop: false }`
[INFO] running `Command { std: "docker" "rm" "-f" "0dbfd3d4b9d1f8bece3dfa19f1058581cc194c2341f836fb8193cc605e9af110", kill_on_drop: false }`
[INFO] [stdout] 0dbfd3d4b9d1f8bece3dfa19f1058581cc194c2341f836fb8193cc605e9af110
[INFO] running `Command { std: "docker" "create" "-v" "/var/lib/crater-agent-workspace/builds/worker-6-tc2/target:/opt/rustwide/target:rw,Z" "-v" "/var/lib/crater-agent-workspace/builds/worker-6-tc2/source:/opt/rustwide/workdir:ro,Z" "-v" "/var/lib/crater-agent-workspace/cargo-home:/opt/rustwide/cargo-home:ro,Z" "-v" "/var/lib/crater-agent-workspace/rustup-home:/opt/rustwide/rustup-home:ro,Z" "-e" "SOURCE_DIR=/opt/rustwide/workdir" "-e" "CARGO_TARGET_DIR=/opt/rustwide/target" "-e" "CARGO_INCREMENTAL=0" "-e" "RUST_BACKTRACE=full" "-e" "RUSTFLAGS=--cap-lints=forbid" "-e" "RUSTDOCFLAGS=--cap-lints=forbid" "-e" "CARGO_HOME=/opt/rustwide/cargo-home" "-e" "RUSTUP_HOME=/opt/rustwide/rustup-home" "-w" "/opt/rustwide/workdir" "-m" "1610612736" "--user" "0:0" "--network" "none" "ghcr.io/rust-lang/crates-build-env/linux@sha256:19e73879b68f455e41552ea35293514db52ea292d993f571636dbffedb77a1ee" "/opt/rustwide/cargo-home/bin/cargo" "+e6e4f7ed1589e03bc2f6c5931c1a72e7947e8682" "check" "--frozen" "--all" "--all-targets" "--message-format=json", kill_on_drop: false }`
[INFO] [stdout] c6d3fe476eef070c950ed158f0479cac48d5b4174a4a020dfd7f1ddb5d1662e7
[INFO] running `Command { std: "docker" "start" "-a" "c6d3fe476eef070c950ed158f0479cac48d5b4174a4a020dfd7f1ddb5d1662e7", kill_on_drop: false }`
[INFO] [stderr]    Compiling libc v0.2.144
[INFO] [stderr]    Compiling proc-macro2 v1.0.59
[INFO] [stderr]    Compiling semver-parser v0.7.0
[INFO] [stderr]    Compiling log v0.4.8
[INFO] [stderr]    Compiling unicode-ident v1.0.9
[INFO] [stderr]    Compiling quote v1.0.28
[INFO] [stderr]    Compiling syn v1.0.5
[INFO] [stderr]    Compiling memchr v2.2.1
[INFO] [stderr]     Checking spin v0.5.2
[INFO] [stderr]    Compiling byteorder v1.3.2
[INFO] [stderr]     Checking futures-core-preview v0.3.0-alpha.19
[INFO] [stderr]    Compiling pin-project-internal v0.4.2
[INFO] [stderr]     Checking slab v0.4.2
[INFO] [stderr]     Checking fnv v1.0.6
[INFO] [stderr]    Compiling arrayvec v0.4.12
[INFO] [stderr]     Checking futures-sink-preview v0.3.0-alpha.19
[INFO] [stderr]     Checking scopeguard v1.0.0
[INFO] [stderr]     Checking nodrop v0.1.14
[INFO] [stderr]     Checking lazy_static v1.4.0
[INFO] [stderr]     Checking pin-utils v0.1.0-alpha.4
[INFO] [stderr]     Checking smallvec v0.6.10
[INFO] [stderr]     Checking lock_api v0.3.1
[INFO] [stderr]     Checking itoa v0.4.4
[INFO] [stderr]     Checking crossbeam-utils v0.6.6
[INFO] [stderr]    Compiling semver v0.9.0
[INFO] [stderr]     Checking futures-channel-preview v0.3.0-alpha.19
[INFO] [stderr]     Checking tracing-core v0.1.6
[INFO] [stderr]    Compiling autocfg v1.1.0
[INFO] [stderr]    Compiling httparse v1.3.4
[INFO] [stderr]     Checking tower-service v0.3.0-alpha.2
[INFO] [stderr]     Checking indexmap v1.2.0
[INFO] [stderr]     Checking futures-util-preview v0.3.0-alpha.19
[INFO] [stderr]     Checking try-lock v0.2.2
[INFO] [stderr]     Checking quick-error v1.2.3
[INFO] [stderr]    Compiling rustc_version v0.2.3
[INFO] [stderr]     Checking regex-syntax v0.6.29
[INFO] [stderr]     Checking want v0.3.0
[INFO] [stderr]     Checking crossbeam-channel v0.3.9
[INFO] [stderr]     Checking crossbeam-queue v0.1.2
[INFO] [stderr]     Checking humantime v1.3.0
[INFO] [stderr]     Checking iana-time-zone v0.1.56
[INFO] [stderr]     Checking termcolor v1.2.0
[INFO] [stderr]    Compiling memoffset v0.5.1
[INFO] [stderr]    Compiling parking_lot_core v0.6.2
[INFO] [stderr]    Compiling parking_lot v0.9.0
[INFO] [stderr]    Compiling num-traits v0.2.15
[INFO] [stderr]     Checking aho-corasick v0.7.15
[INFO] [stderr]     Checking iovec v0.1.4
[INFO] [stderr]     Checking num_cpus v1.10.1
[INFO] [stderr]     Checking net2 v0.2.33
[INFO] [stderr]     Checking time v0.1.45
[INFO] [stderr]     Checking atty v0.2.14
[INFO] [stderr]     Checking crossbeam-epoch v0.7.2
[INFO] [stderr]     Checking bytes v0.4.12
[INFO] [stderr]     Checking mio v0.6.19
[INFO] [stderr]     Checking crossbeam-deque v0.7.1
[INFO] [stderr]     Checking http v0.1.18
[INFO] [stderr]     Checking string v0.2.1
[INFO] [stderr]     Checking mio-uds v0.6.7
[INFO] [stderr]     Checking tokio-sync v0.2.0-alpha.6
[INFO] [stderr]     Checking chrono v0.4.26
[INFO] [stderr]     Checking regex v1.4.6
[INFO] [stderr]     Checking http-body v0.2.0-alpha.3
[INFO] [stderr]     Checking env_logger v0.6.2
[INFO] [stderr]     Checking pretty_env_logger v0.3.1
[INFO] [stderr]    Compiling tracing-attributes v0.1.4
[INFO] [stderr]    Compiling tokio-macros v0.2.0-alpha.6
[INFO] [stderr]     Checking tracing v0.1.9
[INFO] [stderr]     Checking tokio-executor v0.2.0-alpha.6
[INFO] [stderr]     Checking pin-project v0.4.2
[INFO] [stderr]     Checking tokio-io v0.2.0-alpha.6
[INFO] [stderr]     Checking tokio-codec v0.2.0-alpha.6
[INFO] [stderr]     Checking tower-make v0.3.0-alpha.2a
[INFO] [stderr]     Checking h2 v0.2.0-alpha.3
[INFO] [stderr]     Checking tokio-fs v0.2.0-alpha.6
[INFO] [stderr]     Checking tokio-timer v0.3.0-alpha.6
[INFO] [stderr]     Checking tokio-net v0.2.0-alpha.6
[INFO] [stderr]     Checking tokio v0.2.0-alpha.6
[INFO] [stderr]     Checking hyper v0.13.0-alpha.4
[INFO] [stderr]     Checking echo v0.1.0 (/opt/rustwide/workdir/echo)
[INFO] [stderr]     Checking client v0.1.0 (/opt/rustwide/workdir/client)
[INFO] [stdout] error[E0423]: expected function, found macro `log::info`
[INFO] [stdout]  --> echo/src/main.rs:9:5
[INFO] [stdout]   |
[INFO] [stdout] 9 |     log::info("request! {}");
[INFO] [stdout]   |     ^^^^^^^^^ not a function
[INFO] [stdout]   |
[INFO] [stdout] help: use `!` to invoke the macro
[INFO] [stdout]   |
[INFO] [stdout] 9 |     log::info!("request! {}");
[INFO] [stdout]   |              +
[INFO] [stdout] 
[INFO] [stdout] 
[INFO] [stdout] error[E0423]: expected function, found macro `log::info`
[INFO] [stdout]  --> echo/src/main.rs:9:5
[INFO] [stdout]   |
[INFO] [stdout] 9 |     log::info("request! {}");
[INFO] [stdout]   |     ^^^^^^^^^ not a function
[INFO] [stdout]   |
[INFO] [stdout] help: use `!` to invoke the macro
[INFO] [stdout]   |
[INFO] [stdout] 9 |     log::info!("request! {}");
[INFO] [stdout]   |              +
[INFO] [stdout] 
[INFO] [stdout] 
[INFO] [stdout] error[E0599]: no method named `into_inner` found for struct `Request` in the current scope
[INFO] [stdout]  --> echo/src/main.rs:7:9
[INFO] [stdout]   |
[INFO] [stdout] 7 |     req.into_inner();
[INFO] [stdout]   |         ^^^^^^^^^^ method not found in `Request<Body>`
[INFO] [stdout] 
[INFO] [stdout] 
[INFO] [stdout] error[E0599]: no method named `into_inner` found for struct `Request` in the current scope
[INFO] [stdout]  --> echo/src/main.rs:7:9
[INFO] [stdout]   |
[INFO] [stdout] 7 |     req.into_inner();
[INFO] [stdout]   |         ^^^^^^^^^^ method not found in `Request<Body>`
[INFO] [stdout] 
[INFO] [stdout] 
[INFO] [stdout] error[E0599]: no function or associated item named `emtpy` found for struct `Body` in the current scope
[INFO] [stdout]   --> echo/src/main.rs:10:28
[INFO] [stdout]    |
[INFO] [stdout] 10 |     Ok(Response::new(Body::emtpy()))
[INFO] [stdout]    |                            ^^^^^
[INFO] [stdout]    |                            |
[INFO] [stdout]    |                            function or associated item not found in `Body`
[INFO] [stdout]    |                            help: there is an associated function with a similar name: `empty`
[INFO] [stdout] 
[INFO] [stdout] 
[INFO] [stdout] error[E0599]: no function or associated item named `emtpy` found for struct `Body` in the current scope
[INFO] [stdout]   --> echo/src/main.rs:10:28
[INFO] [stdout]    |
[INFO] [stdout] 10 |     Ok(Response::new(Body::emtpy()))
[INFO] [stdout]    |                            ^^^^^
[INFO] [stdout]    |                            |
[INFO] [stdout]    |                            function or associated item not found in `Body`
[INFO] [stdout]    |                            help: there is an associated function with a similar name: `empty`
[INFO] [stdout] 
[INFO] [stdout] 
[INFO] [stdout] error: aborting due to 3 previous errors
[INFO] [stdout] 
[INFO] [stdout] 
[INFO] [stdout] Some errors have detailed explanations: E0423, E0599.
[INFO] [stdout] 
[INFO] [stdout] For more information about an error, try `rustc --explain E0423`.
[INFO] [stdout] 
[INFO] [stdout] error: aborting due to 3 previous errors
[INFO] [stdout] 
[INFO] [stdout] 
[INFO] [stdout] Some errors have detailed explanations: E0423, E0599.
[INFO] [stdout] 
[INFO] [stdout] For more information about an error, try `rustc --explain E0423`.
[INFO] [stdout] 
[INFO] [stderr] error: could not compile `echo` (bin "echo") due to 4 previous errors
[INFO] [stderr] warning: build failed, waiting for other jobs to finish...
[INFO] [stderr] error: could not compile `echo` (bin "echo" test) due to 4 previous errors
[INFO] running `Command { std: "docker" "inspect" "c6d3fe476eef070c950ed158f0479cac48d5b4174a4a020dfd7f1ddb5d1662e7", kill_on_drop: false }`
[INFO] running `Command { std: "docker" "rm" "-f" "c6d3fe476eef070c950ed158f0479cac48d5b4174a4a020dfd7f1ddb5d1662e7", kill_on_drop: false }`
[INFO] [stdout] c6d3fe476eef070c950ed158f0479cac48d5b4174a4a020dfd7f1ddb5d1662e7
